 19?
17
Calculate the remainder when 635 is divided by 254.
127
What is the remainder when 359 is divided by 12?
11
What is the remainder when 5837 is divided by 40?
37
Calculate the remainder when 510 is divided by 57.
54
Calculate the remainder when 143 is divided by 88.
55
Calculate the remainder when 365 is divided by 123.
119
Calculate the remainder when 736 is divided by 74.
70
Calculate the remainder when 220 is divided by 37.
35
Calculate the remainder when 1714 is divided by 5.
4
Calculate the remainder when 238 is divided by 60.
58
Calculate the remainder when 1257 is divided by 139.
6
Calculate the remainder when 2813 is divided by 17.
8
Calculate the remainder when 379 is divided by 12.
7
What is the remainder when 2108 is divided by 2?
0
Calculate the remainder when 146 is divided by 33.
14
What is the remainder when 4308 is divided by 9?
6
What is the remainder when 1479 is divided by 19?
16
Calculate the remainder when 159 is divided by 6.
3
Calculate the remainder when 1238 is divided by 410.
8
Calculate the remainder when 39 is divided by 14.
11
Calculate the remainder when 149 is divided by 34.
13
Calculate the remainder when 773 is divided by 78.
71
What is the remainder when 416 is divided by 38?
36
Calculate the remainder when 2487 is divided by 68.
39
Calculate the remainder when 131 is divided by 20.
11
Calculate the remainder when 82 is divided by 44.
38
What is the remainder when 177 is divided by 38?
25
What is the remainder when 2516 is divided by 148?
0
What is the remainder when 2167 is divided by 68?
59
What is the remainder when 1233 is divided by 21?
15
Calculate the remainder when 393 is divided by 97.
5
What is the remainder when 204 is divided by 23?
20
What is the remainder when 2373 is divided by 1181?
11
What is the remainder when 216 is divided by 7?
6
What is the remainder when 797 is divided by 47?
45
Calculate the remainder when 279 is divided by 40.
39
Calculate the remainder when 1448 is divided by 25.
23
Calculate the remainder when 568 is divided by 122.
80
Calculate the remainder when 709 is divided by 512.
197
What is the remainder when 2252 is divided by 71?
51
Calculate the remainder when 2326 is divided by 51.
31
Calculate the remainder when 48 is divided by 16.
0
Calculate the remainder when 266 is divided by 8.
2
What is the remainder when 474 is divided by 34?
32
What is the remainder when 258 is divided by 85?
3
What is the remainder when 158 is divided by 23?
20
What is the remainder when 627 is divided by 96?
51
What is the remainder when 4890 is divided by 67?
66
Calculate the remainder when 98 is divided by 33.
32
What is the remainder when 1866 is divided by 20?
6
Calculate the remainder when 660 is divided by 294.
72
Calculate the remainder when 5460 is divided by 1820.
0
Calculate the remainder when 191 is divided by 13.
9
Calculate the remainder when 6157 is divided by 20.
17
What is the remainder when 2186 is divided by 129?
122
What is the remainder when 141 is divided by 67?
7
Calculate the remainder when 10789 is divided by 83.
82
What is the remainder when 827 is divided by 39?
8
What is the remainder when 493 is divided by 99?
97
What is the remainder when 75 is divided by 60?
15
Calculate the remainder when 670 is divided by 135.
130
Calculate the remainder when 3597 is divided by 30.
27
What is the remainder when 150 is divided by 5?
0
Calculate the remainder when 7365 is divided by 9.
3
What is the remainder when 384 is divided by 13?
7
What is the remainder when 702 is divided by 32?
30
What is the remainder when 610 is divided by 76?
2
Calculate the remainder when 332 is divided by 62.
22
What is the remainder when 165 is divided by 21?
18
Calculate the remainder when 24444 is divided by 17.
15
What is the remainder when 122 is divided by 81?
41
What is the remainder when 404 is divided by 15?
14
Calculate the remainder when 266 is divided by 90.
86
What is the remainder when 54 is divided by 37?
17
Calculate the remainder when 339 is divided by 91.
66
What is the remainder when 808 is divided by 81?
79
Calculate the remainder when 527 is divided by 12.
11
Calculate the remainder when 569 is divided by 47.
5
Calculate the remainder when 214 is divided by 22.
16
What is the remainder when 242 is divided by 37?
20
What is the remainder when 358 is divided by 110?
28
Calculate the remainder when 60 is divided by 13.
8
What is the remainder when 272 is divided by 69?
65
Calculate the remainder when 41 is divided by 26.
15
What is the remainder when 2949 is divided by 197?
191
Calculate the remainder when 928 is divided by 301.
25
What is the remainder when 480 is divided by 97?
92
What is the remainder when 534 is divided by 49?
44
Calculate the remainder when 85 is divided by 11.
8
What is the remainder when 956 is divided by 12?
8
Calculate the remainder when 130 is divided by 64.
2
Calculate the remainder when 1120 is divided by 218.
30
What is the remainder when 110 is divided by 24?
14
Calculate the remainder when 2884 is divided by 21.
7
Calculate the remainder when 524 is divided by 296.
228
Calculate the remainder when 92 is divided by 72.
20
Calculate the remainder when 113 is divided by 16.
1
What is the remainder when 365 is divided by 25?
15
Calculate the remainder when 132 is divided by 39.
15
What is the remainder when 3371 is divided by 305?
16
What is the remainder when 1034 is divided by 35?
19
What is the remainder when 80 is divided by 26?
2
Calculate the remainder when 665 is divided by 18.
17
Calculate the remainder when 62 is divided by 10.
2
What is the remainder when 268 is divided by 82?
22
What is the remainder when 364 is divided by 89?
8
Calculate the remainder when 999 is divided by 329.
12
What is the remainder when 119 is divided by 37?
8
What is the remainder when 299 is divided by 46?
23
What is the remainder when 388 is divided by 39?
37
Calculate the remainder when 2664 is divided by 52.
12
What is the remainder when 29 is divided by 9?
2
Calculate the remainder when 1553 is divided by 16.
1
Calculate the remainder when 90 is divided by 82.
8
Calculate the remainder when 24597 is divided by 82.
79
What is the remainder when 163 is divided by 42?
37
What is the remainder when 547 is divided by 525?
22
Calculate the remainder when 114 is divided by 67.
47
Calculate the remainder when 344 is divided by 111.
11
What is the remainder when 911 is divided by 277?
80
Calculate the remainder when 1944 is divided by 39.
33
What is the remainder when 5901 is divided by 81?
69
What is the remainder when 877 is divided by 175?
2
Calculate the remainder when 27 is divided by 11.
5
What is the remainder when 384 is divided by 61?
18
What is the remainder when 3327 is divided by 33?
27
Calculate the remainder when 435 is divided by 70.
15
What is the remainder when 220 is divided by 13?
12
Calculate the remainder when 8691 is divided by 126.
123
What is the remainder when 1042 is divided by 3?
1
What is the remainder when 86 is divided by 13?
8
What is the remainder when 93 is divided by 4?
1
Calculate the remainder when 1234 is divided by 404.
22
Calculate the remainder when 841 is divided by 426.
415
What is the remainder when 2970 is divided by 17?
12
What is the remainder when 8906 is divided by 30?
26
Calculate the remainder when 48 is divided by 17.
14
What is the remainder when 635 is divided by 29?
26
Calculate the remainder when 258 is divided by 52.
50
What is the remainder when 1549 is divided by 390?
379
Calculate the remainder when 1930 is divided by 27.
13
What is the remainder when 1077 is divided by 54?
51
Calculate the remainder when 40 is divided by 23.
17
Calculate the remainder when 347 is divided by 111.
14
What is the remainder when 62 is divided by 14?
6
Calculate the remainder when 284 is divided by 41.
38
What is the remainder when 2207 is divided by 9?
2
What is the remainder when 1201 is divided by 242?
233
What is the remainder when 44 is divided by 10?
4
What is the remainder when 160 is divided by 45?
25
Calculate the remainder when 5038 is divided by 126.
124
What is the remainder when 50 is divided by 36?
14
Calculate the remainder when 135 is divided by 53.
29
Calculate the remainder when 1132 is divided by 144.
124
Wh